= 136. Suppose -i = -o - 0*o + 5*g, -5*o = 3*g - 64. Calculate the greatest common divisor of 147 and o.
7
Let t = -1200 - -17046. Calculate the greatest common factor of t and 19.
19
Let v(b) = 9*b + 28 - 171 + 9. Let f be v(16). Suppose 2*h - 32 = 8. What is the greatest common divisor of f and h?
10
Let u be 216135/1350 - (18/(-20) - -1). What is the highest common divisor of u and 1240?
40
Suppose 72*v = -1023*v + 62415. Let l be (18 + 1)*(-2)/(-2). Calculate the greatest common factor of l and v.
19
Let a be (-21 + 1)/(11 - 567/51). Let f = -439 + 469. What is the highest common factor of a and f?
10
Suppose 5*z + 57*a = 53*a + 77524, z - 5*a = 15470. What is the highest common divisor of z and 248?
124
Let g(p) = 3*p**2 + 8*p - 1. Let y(i) = i**2. Let h(v) = g(v) - 5*y(v). Let l be h(4). Let d = 47 - l. Calculate the greatest common factor of d and 12.
12
Let j be 4/10 + 2*(-9)/(-5). Suppose -9*k - 3*u = -j*k - 120, 96 = 4*k - 2*u. Calculate the greatest common divisor of 32 and k.
8
Suppose -44*c + 1 = -43*c. Let b(l) = 5*l**3 - l**2 + 3*l - 3. Let w be b(c). Suppose 3*r = w*r - 9. What is the greatest common factor of 3 and r?
3
Let c be (-4)/7 - (-10824)/861. Suppose 0 = -3*l - 3*w + 5*w + 460, l = -w + 145. Calculate the greatest common divisor of c and l.
6
Let s = 22561 - 22036. What is the greatest common factor of 273 and s?
21
Let w(r) = 7*r**2 + 5*r - 5. Let y be w(-6). Let d = 230 - 221. Let z = d + 22. Calculate the highest common factor of z and y.
31
Suppose -3*a = -a + i - 108, -3*i = 7*a - 378. Calculate the highest common factor of 12 and a.
6
Let m be 3/6*10 - -61. Suppose -14*l - m = -192. Calculate the highest common divisor of 15 and l.
3
Suppose -4*p + 25*g + 189 = 26*g, -2*g + 234 = 5*p. Calculate the greatest common factor of 104 and p.
8
Let z be (-28)/((-21)/(819/26)*1/12). What is the highest common factor of 96 and z?
24
Suppose 5*y - 5*h - 415 = 0, 0 = 44*h - 41*h - 3. Calculate the greatest common divisor of 192 and y.
12
Let b be (0 - -3)*(9 + (-7 - 1)). Suppose 2*t - 4 = -6, 5*q + b*t = 7. Let c = 21 + -12. Calculate the greatest common divisor of q and c.
1
Suppose 0 = -4*d + 2*o - 50, 0*o = d + 2*o. Let h be 8 + d + (29 - 0). Let u be (-1 + 2)*(192 - 3). Calculate the highest common factor of u and h.
27
Let q be (-1)/3 - 2560/(-120). Let n = 4 - 12. Let z = q + n. What is the highest common divisor of z and 39?
13
Let s(t) = -2*t**2 - 15*t - 7. Let b(c) = -2 + c**2 + 3*c + 2 - 1 + 5 + c**3. Let w be b(-2). Let m be s(w). Calculate the greatest common divisor of 121 and m.
11
Suppose 144 = 31*i - 27*i. Let x = i + -26. Let h be (x + -4)*(-6)/(-9). What is the highest common factor of 44 and h?
4
Suppose 5*z + 12646 = 4*p + 3707, p + 5*z - 2216 = 0. What is the greatest common factor of p and 97?
97
Let p be (-28)/(-2) - (-64 + 63). Calculate the highest common divisor of p and 1305.
15
Let i = 12980 - 12740. Calculate the greatest common factor of 15720 and i.
120
Suppose -4061 - 3772 = -53*h + 20999. What is the greatest common factor of h and 384?
32
Suppose -38*f = 267*f - 20740. What is the greatest common divisor of 3196 and f?
68
Suppose -4*w - 9*s + 14*s = -145, 2*w - 70 = 2*s. Calculate the greatest common factor of 11370 and w.
30
Suppose -784 = 9*a - a. Let f = a - -163. Suppose -641 = -12*o - f. What is the greatest common factor of o and 120?
24
Suppose 217 + 14 = 3*f. Let y(v) = 17*v + 7. Let m be y(0). What is the greatest common factor of m and f?
7
Let h = 32 - 64. Let u = 62 + h. Suppose 1950 = -69*v + 82*v. What is the highest common factor of v and u?
30
Suppose 3*j - 10*x = -11, -3*j + 241*x = 236*x - 44. Let w(i) = -153*i**3 + 2*i + 1. Let y be w(-2). Calculate the greatest common divisor of y and j.
33
Suppose -49761 = 1533*d - 1590*d. Calculate the greatest common divisor of 388 and d.
97
Suppose 16*w + 46*w - 189200 = -26*w. Calculate the greatest common divisor of w and 15.
5
Suppose 2474*f = 2469*f - 45, 3*f = 5*d - 1452. Calculate the greatest common factor of d and 190.
95
Suppose 0 = 5*h - 3*s - 1155 + 21, 2*h - 2*s - 456 = 0. Let d be (h + 6)/((-3)/(-2)). Calculate the greatest common factor of d and 14.
14
Let w be (-185)/25 + 7 - (-264)/10. Let i = w + -23. Suppose -i*j + 1224 = j. Calculate the greatest common divisor of j and 34.
34
Let c(y) = y**2 + 13*y. Let m be c(-6). Let r be (2/7)/((-6)/m). What is the highest common factor of r and 54?
2
Let f = -4077 + 4090. What is the greatest common divisor of f and 6019?
13
Let w be 2/(-8) - 9/(-4). Suppose -11*r = -105311 + 105300. Calculate the greatest common divisor of w and r.
1
Let v(z) = -182*z**2 + 85*z**2 - 4 + z**3 + 98*z**2 - 15*z. Let t be v(-4). What is the highest common divisor of 88 and t?
8
Let i be 1/((-12)/72) + 8. Calculate the highest common divisor of 587 and i.
1
Let y(f) = 958*f**2 - 2*f + 4. Let i be y(-2). Suppose 5*d = 25*d - i. Calculate the greatest common factor of d and 48.
48
Let s be ((-68)/(-2))/(-12 - -26 - 207/15). Suppose 5*m + 399 - 1080 = q, -3*m + 4*q = -412. What is the highest common divisor of m and s?
34
Suppose 0 = -3*t + 4*t - 162. Let v = -3557 - -3989. What is the highest common divisor of v and t?
54
Let m be 128 + 11 + 1 + 6. Let h = m - 112. What is the greatest common divisor of 51 and h?
17
Suppose -892 + 4090 = 3*i + 3*n, -4*n = 5*i - 5324. Calculate the highest common divisor of 100 and i.
20
Suppose 74*w + 1568 = 76*w. Let k = w + -355. What is the greatest common factor of k and 33?
33
Let f(a) = 418*a - 423*a - 3*a**3 - 11*a**2 + 2*a**3 - 10. Let t be f(-10). Let g = t + 110. What is the highest common divisor of g and 20?
10
Suppose -2*a + 265 + 421 = 0. Suppose 0 = -4*b + 1207 - a. Suppose 67*z - 1127 = 1358 - 676. What is the highest common divisor of z and b?
27
Suppose 3*d = 5*q + 137, -2*q + 5*q = -d + 69. Calculate the highest common divisor of d and 5526.
18
Suppose 2*s + 15*u - 25 = 12*u, -4*s = -4*u - 100. Suppose 5*y = y + 8. Suppose -7*c + 100 = -y*c. What is the greatest common factor of c and s?
20
Let b(a) = a**3 + 6*a**2 + 3*a - 7. Let i be b(-5). Let p be (0 + i)*(-34)/(-6). Let o = 28099 - 27946. What is the highest common divisor of p and o?
17
Let c(j) = -j**3 - 12*j**2 - 11*j + 2. Let y be c(-11). Suppose 0*d = -f + d + 11, -46 = -5*f + y*d. What is the greatest common divisor of 56 and f?
8
Suppose 12 = 2*i + 6. Let f(j) = -j**3 + 8*j**2 - 3*j + 18. Let o be f(8). Let u be ((-36)/8 - 3)*o/5. What is the greatest common divisor of i and u?
3
Let d be 6/(-18) + (-5 - (-56)/6). Suppose 6*i - 10*i + 4*t + 156 = 0, -3*t + 191 = d*i. Calculate the highest common factor of 132 and i.
44
Let r = -14626 - -19233. What is the highest common factor of 34 and r?
17
Let o be (720/(-756) - 4/(-14))*-174. What is the greatest common divisor of 4 and o?
4
Suppose -7*a + 3*a = 2*x + 4, -3*x + 34 = -2*a. Suppose 0*q = 4*q + x. Let v be 392/16 + q/(-8)*-2. Calculate the greatest common divisor of 168 and v.
24
Suppose -3*u + 55 = 16. Suppose -46*l + 906 = -1158 - 926. Calculate the greatest common divisor of l and u.
13
Let v = 70 + -24. Let o = -754 + 756. What is the highest common divisor of o and v?
2
Let u(x) = x + 45. Let p be u(0). Suppose p = d - h, -3*h + 43 = 3*d - 110. Calculate the greatest common factor of d and 120.
24
Let n(f) = -f**2 - 50*f + 212. Let s be n(-15). What is the highest common factor of 88 and s?
11
Let l be 6/((-60)/(-55))*16 - 0. Let h = l - 46. Suppose -11*o - 42 = -14*o. What is the highest common divisor of o and h?
14
Suppose -5*v - 40 = 0, -2*p - 22*v = -19*v - 6376. What is the greatest common factor of 25 and p?
25
Let d(r) = -r - 6. Let c be d(-11). Suppose -1141 = -c*y + 29. Calculate the highest common divisor of 52 and y.
26
Suppose 3*v = -4*n + 46, -2*n + 18*v - 13*v = -62. Let g be (1 + 1)*(-53)/2. Let s = g + 181. What is the greatest common factor of n and s?
16
Suppose 188*c - 74671 - 358389 - 1067744 = 0. Calculate the greatest common factor of 36 and c.
9
Let f(s) = -s**3 + 5*s**2 + 183*s - 557. Let l be f(3). What is the highest common factor of 3265 and l?
5
Let v be 2*1 - (-2 - 0). Let k = -391 + 204. Let t = 195 + k. What is the highest common divisor of v and t?
4
Let w = -5 + 8. Suppose -w*m - g = -2*g - 3